{"id":739,"date":"2022-11-11T09:31:33","date_gmt":"2022-11-11T09:31:33","guid":{"rendered":"https:\/\/zero-waste-project.eu\/?page_id=739"},"modified":"2023-11-09T14:51:31","modified_gmt":"2023-11-09T14:51:31","slug":"finalizacion-de-la-investigacion-sobre-las-necesidades-y-los-retos-a-los-que-se-enfrentan-las-escuelas-para-establecer-la-gestion-de-los-desperdicios-alimentarios","status":"publish","type":"page","link":"https:\/\/zero-waste-project.eu\/index.php\/es\/finalizacion-de-la-investigacion-sobre-las-necesidades-y-los-retos-a-los-que-se-enfrentan-las-escuelas-para-establecer-la-gestion-de-los-desperdicios-alimentarios\/","title":{"rendered":"Finalizaci\u00f3n de la investigaci\u00f3n sobre las necesidades y los retos a los que se enfrentan las escuelas para establecer la gesti\u00f3n de los desperdicios alimentarios"},"content":{"rendered":"\t\t<div data-elementor-type=\"wp-page\" data-elementor-id=\"739\" class=\"elementor elementor-739\">\n\t\t\t\t\t\t<section class=\"elementor-section elementor-top-section elementor-element elementor-element-280a86e elementor-section-boxed elementor-section-height-default elementor-section-height-default\" data-id=\"280a86e\" data-element_type=\"section\" data-e-type=\"section\" data-settings=\"{&quot;background_background&quot;:&quot;classic&quot;}\">\n\t\t\t\t\t\t\t<div class=\"elementor-background-overlay\"><\/div>\n\t\t\t\t\t\t\t<div class=\"elementor-container elementor-column-gap-default\">\n\t\t\t\t\t<div class=\"elementor-column elementor-col-100 elementor-top-column elementor-element elementor-element-494447e\" data-id=\"494447e\" data-element_type=\"column\" data-e-type=\"column\">\n\t\t\t<div class=\"elementor-widget-wrap elementor-element-populated\">\n\t\t\t\t\t\t<div class=\"elementor-element elementor-element-b07e3a4 elementor-widget elementor-widget-spacer\" data-id=\"b07e3a4\" data-element_type=\"widget\" data-e-type=\"widget\" data-widget_type=\"spacer.default\">\n\t\t\t\t<div class=\"elementor-widget-container\">\n\t\t\t\t\t\t\t<div class=\"elementor-spacer\">\n\t\t\t<div class=\"elementor-spacer-inner\"><\/div>\n\t\t<\/div>\n\t\t\t\t\t\t<\/div>\n\t\t\t\t<\/div>\n\t\t\t\t<div class=\"elementor-element elementor-element-fefb143 elementor-widget elementor-widget-heading\" data-id=\"fefb143\" data-element_type=\"widget\" data-e-type=\"widget\" data-widget_type=\"heading.default\">\n\t\t\t\t<div class=\"elementor-widget-container\">\n\t\t\t\t\t<h2 class=\"elementor-heading-title elementor-size-default\">Finalizaci\u00f3n de la investigaci\u00f3n sobre las necesidades y los retos a los que se enfrentan las escuelas para establecer la gesti\u00f3n de los desperdicios alimentarios<\/h2>\t\t\t\t<\/div>\n\t\t\t\t<\/div>\n\t\t\t\t<div class=\"elementor-element elementor-element-18cb20a elementor-widget elementor-widget-spacer\" data-id=\"18cb20a\" data-element_type=\"widget\" data-e-type=\"widget\" data-widget_type=\"spacer.default\">\n\t\t\t\t<div class=\"elementor-widget-container\">\n\t\t\t\t\t\t\t<div class=\"elementor-spacer\">\n\t\t\t<div class=\"elementor-spacer-inner\"><\/div>\n\t\t<\/div>\n\t\t\t\t\t\t<\/div>\n\t\t\t\t<\/div>\n\t\t\t\t\t<\/div>\n\t\t<\/div>\n\t\t\t\t\t<\/div>\n\t\t<\/section>\n\t\t\t\t<section class=\"elementor-section elementor-top-section elementor-element elementor-element-53489d7 elementor-section-boxed elementor-section-height-default elementor-section-height-default\" data-id=\"53489d7\" data-element_type=\"section\" data-e-type=\"section\">\n\t\t\t\t\t\t<div class=\"elementor-container elementor-column-gap-default\">\n\t\t\t\t\t<div class=\"elementor-column elementor-col-100 elementor-top-column elementor-element elementor-element-2c5f164\" data-id=\"2c5f164\" data-element_type=\"column\" data-e-type=\"column\">\n\t\t\t<div class=\"elementor-widget-wrap elementor-element-populated\">\n\t\t\t\t\t\t<div class=\"elementor-element elementor-element-02230e3 elementor-widget elementor-widget-spacer\" data-id=\"02230e3\" data-element_type=\"widget\" data-e-type=\"widget\" data-widget_type=\"spacer.default\">\n\t\t\t\t<div class=\"elementor-widget-container\">\n\t\t\t\t\t\t\t<div class=\"elementor-spacer\">\n\t\t\t<div class=\"elementor-spacer-inner\"><\/div>\n\t\t<\/div>\n\t\t\t\t\t\t<\/div>\n\t\t\t\t<\/div>\n\t\t\t\t<div class=\"elementor-element elementor-element-b2aa7f1 elementor-widget elementor-widget-text-editor\" data-id=\"b2aa7f1\" data-element_type=\"widget\" data-e-type=\"widget\" data-widget_type=\"text-editor.default\">\n\t\t\t\t<div class=\"elementor-widget-container\">\n\t\t\t\t\t\t\t\t\t<p>Durante los meses de mayo y agosto de 2022, los 8 socios del proyecto de cooperaci\u00f3n escolar Erasmus+: &#8220;Un m\u00e9todo innovador de la gesti\u00f3n del desperdicio de alimentos para educar a los j\u00f3venes sobre el valor de los alimentos y la reducci\u00f3n del desperdicio &#8211; ZERO WASTE&#8221;, llevaron a cabo una investigaci\u00f3n con el fin de elaborar un informe resumiendo la bibliograf\u00eda existente sobre las necesidades y los retos a los que se enfrentan los centros escolares a la hora de tratar y gestionar el desperdicio de alimentos (PR 1).<\/p><p>\u00a0<\/p><p>La investigaci\u00f3n represent\u00f3 el punto de partida de nuestro proyecto y ten\u00eda como objetivo definir la base de conocimientos sobre la que se va a construir todo el proyecto; adem\u00e1s de identificar la bibliograf\u00eda existente sobre las necesidades y los retos que tienen los profesores y los alumnos a la hora de hacer frente a los residuos alimentarios, la investigaci\u00f3n tambi\u00e9n ten\u00eda como objetivo descubrir c\u00f3mo podemos mejorar y desarrollar los materiales que ya tienen disponibles tanto profesores como alumnos; pero lo m\u00e1s importante era averiguar c\u00f3mo podemos dise\u00f1ar nuevos materiales (recursos, herramientas e instrumentos) para satisfacer las principales necesidades que tienen los educadores y los alumnos en el \u00e1mbito de la gesti\u00f3n de los residuos alimentarios. Los socios representantes de los 7 pa\u00edses que participan en el proyecto realizaron no s\u00f3lo una investigaci\u00f3n documental, sino tambi\u00e9n una investigaci\u00f3n de campo basada en un cuestionario estructurado. Su finalidad era recoger datos directamente del principal grupo objetivo del proyecto: los profesores y los alumnos de la ESO.<\/p><p>\u00a0<\/p><p>En cuanto al primer tipo de investigaci\u00f3n (la investigaci\u00f3n documental), todos los socios realizaron un an\u00e1lisis en profundidad de la documentaci\u00f3n existente sobre el tema en cuesti\u00f3n. Se consultaron leyes, normativas nacionales vigentes, estrategias, metodolog\u00edas, puntos de vista relevantes de especialistas en gesti\u00f3n de residuos alimentarios, informes y bases de datos en l\u00ednea y ejemplos de buenas pr\u00e1cticas. En cuanto a la investigaci\u00f3n de campo, el cuestionario estructurado se aplic\u00f3 a un m\u00ednimo de 25 alumnos y 15 profesores por pa\u00eds. La informaci\u00f3n obtenida mediante los dos tipos de investigaci\u00f3n se introdujo en un informe nacional elaborado por cada pa\u00eds participante.<\/p><p>\u00a0<\/p><p>Los resultados de la investigaci\u00f3n han llevado a la siguiente conclusi\u00f3n: aunque a nivel europeo existen documentos y reglamentos que pretenden orientar las acciones en la lucha contra el desperdicio de alimentos y existe inter\u00e9s y preocupaci\u00f3n por reducirlo, las acciones llevadas a cabo a nivel nacional son insuficientes en todos los pa\u00edses participantes. Existe una importante falta de conocimiento sobre la gesti\u00f3n del desperdicio de alimentos y de sus caracter\u00edsticas en la educaci\u00f3n secundaria, y la concienciaci\u00f3n sobre la gesti\u00f3n del desperdicio de alimentos depende de las iniciativas que tomen los directores de los centros y los profesores para incluir presentaciones o material audiovisual relevante en sus clases. En la mayor\u00eda de los pa\u00edses participantes, no parece haber ning\u00fan programa de aprendizaje oficial dedicado al desperdicio de alimentos y su prevenci\u00f3n.<\/p><p>\u00a0<\/p><p>Los escasos resultados de los proyectos locales o regionales iniciados por las ONG, escuelas o entidades privadas dejan sin duda mucho espacio para acciones m\u00e1s pr\u00e1cticas, m\u00e1s concretas y una mejor colaboraci\u00f3n entre todos los responsables de este \u00e1mbito.\u00a0 Un elemento esencial para lograr el objetivo de combatir el desperdicio de alimentos en la escuela ser\u00eda asegurar que la lucha contra el desperdicio de alimentos se integre en el plan de estudios de los estudiantes como parte de una verdadera educaci\u00f3n sobre sostenibilidad y respeto hacia el medio ambiente; proporcionando tambi\u00e9n a los profesores recursos de formaci\u00f3n para utilizar en sus clases.<\/p><p>\u00a0<\/p><p>Otro aspecto sumamente importante conocido a partir de nuestra investigaci\u00f3n es que estos recursos se deben adaptar a las necesidades y particularidades del grupo objetivo. Por ejemplo, la metodolog\u00eda utilizada durante las diferentes actividades debe estar basada en la situaci\u00f3n actual, aprovechando los avances de la tecnolog\u00eda, de las habilidades digitales de los alumnos y del inter\u00e9s por este fascinante mundo de internet y de la comunicaci\u00f3n en las redes sociales. Los juegos educativos, las plataformas interactivas en l\u00ednea, las aplicaciones que funcionan en diferentes dispositivos inteligentes deben estar disponibles tanto para los estudiantes como para los profesores si queremos un impacto mayor y m\u00e1s eficiente de los programas\/proyectos\/campa\u00f1as que combaten el desperdicio de alimentos.<\/p><p>\u00a0<\/p><p>Tras la investigaci\u00f3n colectiva, las instituciones participantes en nuestra asociaci\u00f3n desarrollar\u00e1n el material educativo para un curso de formaci\u00f3n dirigido a los profesores, que representa la siguiente fase de nuestro proyecto. Toda la valiosa informaci\u00f3n que se ha recogido en el PR 1 se utilizar\u00e1 en el curso de formaci\u00f3n que dar\u00e1 a los profesores las competencias que les permitir\u00e1n incorporar las actitudes y conocimientos relacionados con la gesti\u00f3n de los residuos alimentarios y trasladar estos conocimientos a sus alumnos.<\/p>\t\t\t\t\t\t\t\t<\/div>\n\t\t\t\t<\/div>\n\t\t\t\t<div class=\"elementor-element elementor-element-5d24ab0 elementor-widget elementor-widget-spacer\" data-id=\"5d24ab0\" data-element_type=\"widget\" data-e-type=\"widget\" data-widget_type=\"spacer.default\">\n\t\t\t\t<div class=\"elementor-widget-container\">\n\t\t\t\t\t\t\t<div class=\"elementor-spacer\">\n\t\t\t<div class=\"elementor-spacer-inner\"><\/div>\n\t\t<\/div>\n\t\t\t\t\t\t<\/div>\n\t\t\t\t<\/div>\n\t\t\t\t\t<\/div>\n\t\t<\/div>\n\t\t\t\t\t<\/div>\n\t\t<\/section>\n\t\t\t\t<section class=\"elementor-section elementor-top-section elementor-element elementor-element-e796a19 elementor-section-boxed elementor-section-height-default elementor-section-height-default\" data-id=\"e796a19\" data-element_type=\"section\" data-e-type=\"section\">\n\t\t\t\t\t\t<div class=\"elementor-container elementor-column-gap-default\">\n\t\t\t\t\t<div class=\"elementor-column elementor-col-33 elementor-top-column elementor-element elementor-element-fa8f2fd\" data-id=\"fa8f2fd\" data-element_type=\"column\" data-e-type=\"column\">\n\t\t\t<div class=\"elementor-widget-wrap elementor-element-populated\">\n\t\t\t\t\t\t<div class=\"elementor-element elementor-element-47ba0cb elementor-widget elementor-widget-image\" data-id=\"47ba0cb\" data-element_type=\"widget\" data-e-type=\"widget\" data-widget_type=\"image.default\">\n\t\t\t\t<div class=\"elementor-widget-container\">\n\t\t\t\t\t\t\t\t\t\t\t\t\t\t\t<img decoding=\"async\" width=\"194\" height=\"42\" src=\"https:\/\/zero-waste-project.eu\/wp-content\/uploads\/2022\/04\/eu-logo-new.png\" class=\"attachment-medium size-medium wp-image-63\" alt=\"\" \/>\t\t\t\t\t\t\t\t\t\t\t\t\t\t\t<\/div>\n\t\t\t\t<\/div>\n\t\t\t\t<div class=\"elementor-element elementor-element-39c4f30 elementor-widget elementor-widget-text-editor\" data-id=\"39c4f30\" data-element_type=\"widget\" data-e-type=\"widget\" data-widget_type=\"text-editor.default\">\n\t\t\t\t<div class=\"elementor-widget-container\">\n\t\t\t\t\t\t\t\t\t<p>Financiado por la Uni\u00f3n Europea. Las opiniones y puntos de vista expresados solo comprometen a su(s) autor(es) y no reflejan necesariamente los de la Uni\u00f3n Europea o los de la Agencia Ejecutiva Europea de Educaci\u00f3n y Cultura (EACEA). Ni la Uni\u00f3n Europea ni la EACEA pueden ser considerados responsables de ellos. 2021-1-RO01-KA220-SCH-000032588<\/p>\t\t\t\t\t\t\t\t<\/div>\n\t\t\t\t<\/div>\n\t\t\t\t\t<\/div>\n\t\t<\/div>\n\t\t\t\t<div class=\"elementor-column elementor-col-33 elementor-top-column elementor-element elementor-element-eb0fff2\" data-id=\"eb0fff2\" data-element_type=\"column\" data-e-type=\"column\">\n\t\t\t<div class=\"elementor-widget-wrap\">\n\t\t\t\t\t\t\t<\/div>\n\t\t<\/div>\n\t\t\t\t<div class=\"elementor-column elementor-col-33 elementor-top-column elementor-element elementor-element-b47334c\" data-id=\"b47334c\" data-element_type=\"column\" data-e-type=\"column\">\n\t\t\t<div class=\"elementor-widget-wrap elementor-element-populated\">\n\t\t\t\t\t\t<div class=\"elementor-element elementor-element-bd7b71c elementor-widget elementor-widget-image\" data-id=\"bd7b71c\" data-element_type=\"widget\" data-e-type=\"widget\" data-widget_type=\"image.default\">\n\t\t\t\t<div class=\"elementor-widget-container\">\n\t\t\t\t\t\t\t\t\t\t\t\t\t\t\t\t<a href=\"https:\/\/zero-waste-project.eu\/\">\n\t\t\t\t\t\t\t<img decoding=\"async\" width=\"80\" height=\"46\" src=\"https:\/\/zero-waste-project.eu\/wp-content\/uploads\/2022\/03\/xxsmall.png\" class=\"attachment-medium size-medium wp-image-39\" alt=\"\" \/>\t\t\t\t\t\t\t\t<\/a>\n\t\t\t\t\t\t\t\t\t\t\t\t\t\t\t<\/div>\n\t\t\t\t<\/div>\n\t\t\t\t<div class=\"elementor-element elementor-element-8481031 elementor-widget elementor-widget-text-editor\" data-id=\"8481031\" data-element_type=\"widget\" data-e-type=\"widget\" data-widget_type=\"text-editor.default\">\n\t\t\t\t<div class=\"elementor-widget-container\">\n\t\t\t\t\t\t\t\t\t<a style=\"color: #344e41;\" href=\"https:\/\/zero-waste-project.eu\/index.php\/terms-of-use\/\" target=\"_blank\" rel=\"noopener\">Terms of Use<\/a>\t\t\t\t\t\t\t\t<\/div>\n\t\t\t\t<\/div>\n\t\t\t\t<div class=\"elementor-element elementor-element-ec63d9a elementor-shape-circle e-grid-align-right elementor-grid-0 elementor-widget elementor-widget-social-icons\" data-id=\"ec63d9a\" data-element_type=\"widget\" data-e-type=\"widget\" data-widget_type=\"social-icons.default\">\n\t\t\t\t<div class=\"elementor-widget-container\">\n\t\t\t\t\t\t\t<div class=\"elementor-social-icons-wrapper elementor-grid\" role=\"list\">\n\t\t\t\t\t\t\t<span class=\"elementor-grid-item\" role=\"listitem\">\n\t\t\t\t\t<a class=\"elementor-icon elementor-social-icon elementor-social-icon-facebook elementor-animation-grow elementor-repeater-item-ef4f15e\" href=\"https:\/\/www.facebook.com\/ZeroWasteEUProject2\/%20\" target=\"_blank\">\n\t\t\t\t\t\t<span class=\"elementor-screen-only\">Facebook<\/span>\n\t\t\t\t\t\t<i aria-hidden=\"true\" class=\"fab fa-facebook\"><\/i>\t\t\t\t\t<\/a>\n\t\t\t\t<\/span>\n\t\t\t\t\t\t\t<span class=\"elementor-grid-item\" role=\"listitem\">\n\t\t\t\t\t<a class=\"elementor-icon elementor-social-icon elementor-social-icon-instagram elementor-animation-grow elementor-repeater-item-7eeb5b3\" href=\"https:\/\/www.instagram.com\/zerowaste_projecteu\/\" target=\"_blank\">\n\t\t\t\t\t\t<span class=\"elementor-screen-only\">Instagram<\/span>\n\t\t\t\t\t\t<i aria-hidden=\"true\" class=\"fab fa-instagram\"><\/i>\t\t\t\t\t<\/a>\n\t\t\t\t<\/span>\n\t\t\t\t\t\t\t<span class=\"elementor-grid-item\" role=\"listitem\">\n\t\t\t\t\t<a class=\"elementor-icon elementor-social-icon elementor-social-icon-twitter elementor-animation-grow elementor-repeater-item-d67f1e7\" href=\"https:\/\/twitter.com\/ZeroWasteProje1\" target=\"_blank\">\n\t\t\t\t\t\t<span class=\"elementor-screen-only\">Twitter<\/span>\n\t\t\t\t\t\t<i aria-hidden=\"true\" class=\"fab fa-twitter\"><\/i>\t\t\t\t\t<\/a>\n\t\t\t\t<\/span>\n\t\t\t\t\t\t\t<span class=\"elementor-grid-item\" role=\"listitem\">\n\t\t\t\t\t<a class=\"elementor-icon elementor-social-icon elementor-social-icon-linkedin-in elementor-animation-grow elementor-repeater-item-1019605\" href=\"https:\/\/www.linkedin.com\/company\/84794263\/admin\/\" target=\"_blank\">\n\t\t\t\t\t\t<span class=\"elementor-screen-only\">Linkedin-in<\/span>\n\t\t\t\t\t\t<i aria-hidden=\"true\" class=\"fab fa-linkedin-in\"><\/i>\t\t\t\t\t<\/a>\n\t\t\t\t<\/span>\n\t\t\t\t\t<\/div>\n\t\t\t\t\t\t<\/div>\n\t\t\t\t<\/div>\n\t\t\t\t\t<\/div>\n\t\t<\/div>\n\t\t\t\t\t<\/div>\n\t\t<\/section>\n\t\t\t\t<section class=\"elementor-section elementor-top-section elementor-element elementor-element-59f8b8a elementor-section-boxed elementor-section-height-default elementor-section-height-default\" data-id=\"59f8b8a\" data-element_type=\"section\" data-e-type=\"section\">\n\t\t\t\t\t\t<div class=\"elementor-container elementor-column-gap-default\">\n\t\t\t\t\t<div class=\"elementor-column elementor-col-100 elementor-top-column elementor-element elementor-element-73494c0\" data-id=\"73494c0\" data-element_type=\"column\" data-e-type=\"column\">\n\t\t\t<div class=\"elementor-widget-wrap elementor-element-populated\">\n\t\t\t\t\t\t<div class=\"elementor-element elementor-element-37ce483 elementor-widget-divider--view-line elementor-widget elementor-widget-divider\" data-id=\"37ce483\" data-element_type=\"widget\" data-e-type=\"widget\" data-widget_type=\"divider.default\">\n\t\t\t\t<div class=\"elementor-widget-container\">\n\t\t\t\t\t\t\t<div class=\"elementor-divider\">\n\t\t\t<span class=\"elementor-divider-separator\">\n\t\t\t\t\t\t<\/span>\n\t\t<\/div>\n\t\t\t\t\t\t<\/div>\n\t\t\t\t<\/div>\n\t\t\t\t\t<\/div>\n\t\t<\/div>\n\t\t\t\t\t<\/div>\n\t\t<\/section>\n\t\t\t\t<section class=\"elementor-section elementor-top-section elementor-element elementor-element-8b551ca elementor-section-boxed elementor-section-height-default elementor-section-height-default\" data-id=\"8b551ca\" data-element_type=\"section\" data-e-type=\"section\">\n\t\t\t\t\t\t<div class=\"elementor-container elementor-column-gap-default\">\n\t\t\t\t\t<div class=\"elementor-column elementor-col-33 elementor-top-column elementor-element elementor-element-afd45f9\" data-id=\"afd45f9\" data-element_type=\"column\" data-e-type=\"column\">\n\t\t\t<div class=\"elementor-widget-wrap elementor-element-populated\">\n\t\t\t\t\t\t<div class=\"elementor-element elementor-element-e0dcc58 elementor-widget elementor-widget-text-editor\" data-id=\"e0dcc58\" data-element_type=\"widget\" data-e-type=\"widget\" data-widget_type=\"text-editor.default\">\n\t\t\t\t<div class=\"elementor-widget-container\">\n\t\t\t\t\t\t\t\t\t<p>Copyright \u00a9 2022 Zero Waste. All Rights Reserved.<\/p>\t\t\t\t\t\t\t\t<\/div>\n\t\t\t\t<\/div>\n\t\t\t\t\t<\/div>\n\t\t<\/div>\n\t\t\t\t<div class=\"elementor-column elementor-col-33 elementor-top-column elementor-element elementor-element-e23b3b5\" data-id=\"e23b3b5\" data-element_type=\"column\" data-e-type=\"column\">\n\t\t\t<div class=\"elementor-widget-wrap\">\n\t\t\t\t\t\t\t<\/div>\n\t\t<\/div>\n\t\t\t\t<div class=\"elementor-column elementor-col-33 elementor-top-column elementor-element elementor-element-5a0bacb\" data-id=\"5a0bacb\" data-element_type=\"column\" data-e-type=\"column\">\n\t\t\t<div class=\"elementor-widget-wrap elementor-element-populated\">\n\t\t\t\t\t\t<div class=\"elementor-element elementor-element-c37cd2f elementor-widget elementor-widget-text-editor\" data-id=\"c37cd2f\" data-element_type=\"widget\" data-e-type=\"widget\" data-widget_type=\"text-editor.default\">\n\t\t\t\t<div class=\"elementor-widget-container\">\n\t\t\t\t\t\t\t\t\t<span style=\"color: #797979; text-align: left;\">Powered by\u00a0<\/span><a style=\"color: #797979; text-align: right;\" href=\"https:\/\/innovationhive.eu\/\" target=\"_blank\" rel=\"noopener\">Innovation Hive<\/a>\t\t\t\t\t\t\t\t<\/div>\n\t\t\t\t<\/div>\n\t\t\t\t\t<\/div>\n\t\t<\/div>\n\t\t\t\t\t<\/div>\n\t\t<\/section>\n\t\t\t\t<\/div>\n\t\t","protected":false},"excerpt":{"rendered":"<p>Finalizaci\u00f3n de la investigaci\u00f3n sobre las necesidades y los retos a los que se enfrentan las escuelas para establecer la [&hellip;]<\/p>\n","protected":false},"author":1,"featured_media":0,"parent":0,"menu_order":0,"comment_status":"closed","ping_status":"closed","template":"page-templates\/template_page-builder.php","meta":{"_monsterinsights_skip_tracking":false,"_monsterinsights_sitenote_active":false,"_monsterinsights_sitenote_note":"","_monsterinsights_sitenote_category":0,"footnotes":""},"class_list":["post-739","page","type-page","status-publish","hentry"],"aioseo_notices":[],"_links":{"self":[{"href":"https:\/\/zero-waste-project.eu\/index.php\/wp-json\/wp\/v2\/pages\/739","targetHints":{"allow":["GET"]}}],"collection":[{"href":"https:\/\/zero-waste-project.eu\/index.php\/wp-json\/wp\/v2\/pages"}],"about":[{"href":"https:\/\/zero-waste-project.eu\/index.php\/wp-json\/wp\/v2\/types\/page"}],"author":[{"embeddable":true,"href":"https:\/\/zero-waste-project.eu\/index.php\/wp-json\/wp\/v2\/users\/1"}],"replies":[{"embeddable":true,"href":"https:\/\/zero-waste-project.eu\/index.php\/wp-json\/wp\/v2\/comments?post=739"}],"version-history":[{"count":19,"href":"https:\/\/zero-waste-project.eu\/index.php\/wp-json\/wp\/v2\/pages\/739\/revisions"}],"predecessor-version":[{"id":2209,"href":"https:\/\/zero-waste-project.eu\/index.php\/wp-json\/wp\/v2\/pages\/739\/revisions\/2209"}],"wp:attachment":[{"href":"https:\/\/zero-waste-project.eu\/index.php\/wp-json\/wp\/v2\/media?parent=739"}],"curies":[{"name":"wp","href":"https:\/\/api.w.org\/{rel}","templated":true}]}}